{"id":119,"date":"2017-02-14T21:49:43","date_gmt":"2017-02-15T03:49:43","guid":{"rendered":"http:\/\/correomayor.com.mx\/?page_id=119"},"modified":"2017-02-14T23:29:17","modified_gmt":"2017-02-15T05:29:17","slug":"contacto","status":"publish","type":"page","link":"https:\/\/correomayor.com.mx\/?page_id=119","title":{"rendered":"Contacto"},"content":{"rendered":"<div>\n<div>editorial@correomayor.com.mx<\/div>\n<div>Tel\u00e9fono: 55 4037 5513<\/p>\n<\/div>\n<div>Domicilio:<\/div>\n<div>Regina esquina Bol\u00edvar<br \/>\nCentro Hist\u00f3rico<br \/>\nCiudad de M\u00e9xico C.P. 06080<br \/>\nUbicaci\u00f3n:<\/div>\n<\/div>\n<div>\n<p><iframe loading=\"lazy\" src=\"https:\/\/www.google.com\/maps\/embed?pb=!1m18!1m12!1m3!1d470.3324545932846!2d-99.13105858730108!3d19.427106686887416!2m3!1f0!2f0!3f0!3m2!1i1024!2i768!4f13.1!3m3!1m2!1s0x85d1fece9a374ba7%3A0xba6e2ae0462d9153!2sCalle+Regina+%26+Calle+del+Correo+Mayor%2C+Centro+Hist%C3%B3rico%2C+Centro%2C+06090+Ciudad+de+M%C3%A9xico%2C+CDMX!5e0!3m2!1ses-419!2smx!4v1487130492181\" width=\"400\" height=\"300\" frameborder=\"0\" allowfullscreen=\"allowfullscreen\"><\/iframe><\/p>\n<div><\/div>\n<div><\/div>\n<\/div>\n<div>Formulario de contacto:<\/div>\n<div id='contact-form-119'>\n<form action='https:\/\/correomayor.com.mx\/?page_id=119#contact-form-119' method='post' class='contact-form commentsblock'>\n\n<div class='grunion-field-wrap grunion-field-name-wrap'  >\n<label\n\t\t\t\tfor='g119-nombre'\n\t\t\t\tclass='grunion-field-label name'\n\t\t\t\t>Nombre<span>(obligatorio)<\/span><\/label>\n<input\n\t\t\t\t\ttype='text'\n\t\t\t\t\tname='g119-nombre'\n\t\t\t\t\tid='g119-nombre'\n\t\t\t\t\tvalue=''\n\t\t\t\t\tclass='name' \n\t\t\t\t\trequired aria-required='true'\n\t\t\t\t\/>\n\t<\/div>\n\n<div class='grunion-field-wrap grunion-field-email-wrap'  >\n<label\n\t\t\t\tfor='g119-email'\n\t\t\t\tclass='grunion-field-label email'\n\t\t\t\t>Email<span>(obligatorio)<\/span><\/label>\n<input\n\t\t\t\t\ttype='email'\n\t\t\t\t\tname='g119-email'\n\t\t\t\t\tid='g119-email'\n\t\t\t\t\tvalue=''\n\t\t\t\t\tclass='email' \n\t\t\t\t\trequired aria-required='true'\n\t\t\t\t\/>\n\t<\/div>\n\n<div class='grunion-field-wrap grunion-field-text-wrap'  >\n<label\n\t\t\t\tfor='g119-telefono'\n\t\t\t\tclass='grunion-field-label text'\n\t\t\t\t>Telefono <\/label>\n<input\n\t\t\t\t\ttype='text'\n\t\t\t\t\tname='g119-telefono'\n\t\t\t\t\tid='g119-telefono'\n\t\t\t\t\tvalue=''\n\t\t\t\t\tclass='text' \n\t\t\t\t\t\n\t\t\t\t\/>\n\t<\/div>\n\n<div class='grunion-field-wrap grunion-field-textarea-wrap'  >\n<label\n\t\t\t\tfor='contact-form-comment-g119-mensaje'\n\t\t\t\tclass='grunion-field-label textarea'\n\t\t\t\t>Mensaje<span>(obligatorio)<\/span><\/label>\n<textarea\n\t\t                name='g119-mensaje'\n\t\t                id='contact-form-comment-g119-mensaje'\n\t\t                rows='20' class='textarea'  required aria-required='true'><\/textarea>\n\t<\/div>\n\t<p class='contact-submit'>\n\t\t<button type='submit' class='pushbutton-wide'>Enviar<\/button>\t\t<input type='hidden' name='contact-form-id' value='119' \/>\n\t\t<input type='hidden' name='action' value='grunion-contact-form' \/>\n\t\t<input type='hidden' name='contact-form-hash' value='545780b0a2c3367ff16f0ad363d362970bd6b6d8' \/>\n\t<\/p>\n<\/form>\n<\/div>\n<p>&nbsp;<\/p>\n","protected":false},"excerpt":{"rendered":"<p>editorial@correomayor.com.mx Tel\u00e9fono: 55 4037 5513 Domicilio: Regina esquina Bol\u00edvar Centro Hist\u00f3rico Ciudad de M\u00e9xico C.P. 06080 Ubicaci\u00f3n: Formulario de contacto:<\/p>\n","protected":false},"author":1,"featured_media":0,"parent":0,"menu_order":0,"comment_status":"closed","ping_status":"closed","template":"","meta":{"spay_email":""},"jetpack_sharing_enabled":true,"jetpack_shortlink":"https:\/\/wp.me\/P8mQ8Y-1V","jetpack-related-posts":[],"_links":{"self":[{"href":"https:\/\/correomayor.com.mx\/index.php?rest_route=\/wp\/v2\/pages\/119"}],"collection":[{"href":"https:\/\/correomayor.com.mx\/index.php?rest_route=\/wp\/v2\/pages"}],"about":[{"href":"https:\/\/correomayor.com.mx\/index.php?rest_route=\/wp\/v2\/types\/page"}],"author":[{"embeddable":true,"href":"https:\/\/correomayor.com.mx\/index.php?rest_route=\/wp\/v2\/users\/1"}],"replies":[{"embeddable":true,"href":"https:\/\/correomayor.com.mx\/index.php?rest_route=%2Fwp%2Fv2%2Fcomments&post=119"}],"version-history":[{"count":5,"href":"https:\/\/correomayor.com.mx\/index.php?rest_route=\/wp\/v2\/pages\/119\/revisions"}],"predecessor-version":[{"id":127,"href":"https:\/\/correomayor.com.mx\/index.php?rest_route=\/wp\/v2\/pages\/119\/revisions\/127"}],"wp:attachment":[{"href":"https:\/\/correomayor.com.mx\/index.php?rest_route=%2Fwp%2Fv2%2Fmedia&parent=119"}],"curies":[{"name":"wp","href":"https:\/\/api.w.org\/{rel}","templated":true}]}}